et f = -2806 - -4326. Calculate the greatest common factor of 570 and f.
190
Let t = -12370 - -16634. What is the highest common factor of t and 117?
13
Let n(c) = -2298*c + 3823. Let l be n(-10). What is the greatest common factor of 49 and l?
49
Let z be 6627/(-94)*4/(-3). Calculate the highest common factor of z and 1457.
47
Let t = 2965 + -1973. Calculate the greatest common factor of 48 and t.
16
Suppose -1007 - 3718 = -15*a. What is the highest common factor of 210 and a?
105
Let h(w) = -2 - 2 - 14 + 15*w - 13*w. Let t = -410 - -423. Let k be h(t). What is the highest common divisor of k and 12?
4
Let v = -14 - -24. Let g be -6 + 10 + 1 - (0 + -5). What is the greatest common factor of v and g?
10
Let y(l) = -6*l**2 - 7*l + 1. Let g be y(-1). Let f(r) = 24*r**3 + 3*r - 11. Let m be f(g). Calculate the greatest common divisor of 22 and m.
11
Suppose 4*y - 3*y = 42. Let a(u) = 29*u**2 - 10*u - 11. Let i be a(-1). What is the greatest common divisor of i and y?
14
Suppose d + 3*v - 6*v - 114 = 0, 240 = 2*d - 2*v. Let f = -53 + d. Let n be 6 - (-5 - 1 - 2 - 0/(-13)). What is the greatest common divisor of n and f?
14
Let v be -12*(2/3 - 2). Suppose -4*a + 32 = -v. Let g(w) = -324*w + 336. Let m be g(1). What is the highest common factor of a and m?
12
Suppose -231*l - 29*l = -65780. What is the greatest common divisor of l and 92?
23
Let x = -56 - -104. Suppose 10*n = 24*n + 13*n - 3240. What is the highest common divisor of x and n?
24
Suppose -5*r + 244 = 3*w + 13, 4*w = -5*r + 228. Suppose 39 = -y + r. Calculate the highest common factor of y and 5.
1
Let f be -17 - (1 + 0 + -2). Let r = f - -58. Suppose -2*d - 87 = -i, 5*i - 489 = -3224*d + 3228*d. What is the greatest common factor of i and r?
21
Let c(z) = 13*z**2 - 105*z + 343. Let o be c(22). Calculate the highest common factor of o and 1384.
173
Let f(t) = -3*t - 21. Let v be f(-19). Let l be ((-132)/v)/((-2)/6) - 0. Calculate the greatest common divisor of l and 407.
11
Let u(a) = -11*a + 46. Let s be u(3). Calculate the highest common factor of s and 6331.
13
Let i = 44 + -37. Let t be ((672/20)/i)/(3/20). Calculate the highest common factor of 24 and t.
8
Let p be 16/104 + (-2144)/(-260) + (-12)/30. What is the greatest common divisor of 620 and p?
4
Let w be (3 - -14) + ((-3)/1 + -6 - -5). Calculate the greatest common factor of 2366 and w.
13
Let b be (-3)/12*-3884 - 3. Suppose 29*v - 496 = -177. Calculate the highest common divisor of b and v.
11
Let a(x) = -6*x - 22. Let o be (32 + 2)*(-6)/12. Let t be a(o). Suppose -109 - t = -7*l. What is the greatest common divisor of 297 and l?
27
Let g be (-1 + (-12)/(-6))*347. Suppose 181 = b + t, 13*t = -2*b + 14*t + g. What is the highest common divisor of b and 11?
11
Let t(s) = -s**3 + 8*s**2 + 21*s - 25. Let y be t(10). Let l be y/5 - 0 - -9. Suppose -395 + 17 = -l*g. Calculate the greatest common factor of 7 and g.
7
Let n(b) = b**2 + 66*b + 1220. Let y be n(-55). Calculate the greatest common divisor of y and 165.
15
Let d = 5327 + -4586. What is the greatest common factor of d and 399?
57
Suppose 4*t + 2*l = 198, 2*l = 3*t - 171 + 12. Let w = t - 29. Let x(k) = 5*k - 52. Let f be x(17). What is the highest common factor of w and f?
11
Suppose -237 + 231 = -2*i. Let j be 16 + 2 + i + -1 - 5. What is the highest common factor of 105 and j?
15
Suppose c - 4*o = 633, 5*c - 4410 + 1341 = 4*o. Calculate the highest common factor of 1740 and c.
87
Suppose 55*x - 126 = 57*x. Let b = x + 100. Calculate the highest common factor of 37 and b.
37
Suppose 10 = 3*m + 4*f - 7, 2*f + 8 = 0. Let p be m + -2 - (-2 - -2 - 3). Suppose 0 = 16*n - p*n - 400. Calculate the greatest common divisor of n and 75.
25
Let r be 7356/(-8)*(-10)/15 - -3. Suppose -603*y + r*y - 117 = 0. What is the highest common factor of 288 and y?
9
Let v = 9199 - 8816. What is the greatest common divisor of 4 and v?
1
Let k be ((-276)/144 + 4/6)*576/(-24). Let g(v) = 39*v + 6. Let l be g(6). What is the highest common factor of k and l?
30
Let x(t) = 974*t**2 - 55*t + 151. Let o be x(2). What is the greatest common divisor of o and 127?
127
Suppose 135*n - 2098533 = -326*n + 112423. Calculate the greatest common divisor of 308 and n.
44
Suppose 35 = 8*w - 5. Let y be 51*(9 - 7 - 2/6). What is the greatest common factor of y and w?
5
Let h be (150/(-20))/(7/(-574)). Let k = 627 - h. Calculate the greatest common factor of 228 and k.
12
Suppose -44*k - 5*l - 1345 = -45*k, 5*k + l = 6595. Calculate the highest common divisor of 216 and k.
24
Let p(s) = -5*s**3 + s**2 + s - 1. Let l be p(-1). Let k be ((-4)/(-1) - l)/1. Suppose 3*u - 64 + 7 = k. What is the greatest common factor of u and 95?
19
Let i = -3145 + 3431. Calculate the highest common factor of i and 702.
26
Let l(y) = 5*y - 12. Let v = -36 - -41. Let m be l(v). Let k = m + -7. Calculate the greatest common factor of k and 12.
6
Let n = 5607 - 3230. Suppose -10*j = -n + 637. Calculate the greatest common divisor of j and 58.
58
Let c = -45 + 63. Suppose -9*k + 0*k = -c. Calculate the greatest common factor of k and 38.
2
Suppose -3*s + 8 = -2*p, -6 - 13 = s - 5*p. Suppose -s*w + 387 = 45. What is the highest common divisor of w and 38?
19
Let k be -60*(45/(-4))/3. Suppose -5*p = 4*l - 465, -20*p + k = 2*l - 15*p. Calculate the greatest common factor of 16 and l.
8
Suppose 4*w = -16, 3*s - 1786 = -2*s - w. Let h = s + -68. Calculate the highest common divisor of 116 and h.
58
Suppose -7*x + 11*x = -180. Let n = x + 161. Calculate the highest common factor of n and 87.
29
Suppose 0 = -g - 3*g + 3*f + 5879, -5914 = -4*g - 2*f. What is the highest common divisor of 325 and g?
25
Suppose -24*j = -25*j + 54. Let g be (-199)/(-1) - (-3 - j/(-9)). Suppose 163 + 1 = 4*p - 2*z, -5*p + g = 2*z. Calculate the greatest common factor of 30 and p.
10
Suppose -4*h = 5*m - 198, 4*m + 60*h - 144 = 64*h. Suppose -5*v + 344 = 3*l - 615, 0 = 3*v + 4*l - 582. Calculate the highest common factor of m and v.
38
Suppose 0 = 5*x - 2*r + 5, 1 = -x + 6*r - 3*r. Let i be (-25)/x - 2/2. Let a be 3 - (-54)/6 - (-657)/(-73). What is the greatest common divisor of i and a?
3
Suppose 3*o = -6, -16*v - 10 = -19*v - o. Let s be -3 - 4/4 - (v + -11). What is the highest common divisor of 51 and s?
3
Suppose -5*x + 8145 = 5*j, 3096 = 2*j + 5*x - 165. Calculate the greatest common divisor of j and 132.
44
Let l(u) = 34*u - 247. Let c be l(9). Suppose c*h = 58*h + 112. Calculate the greatest common factor of h and 280.
56
Let q be (-1)/((-5)/5)*-1. Let u = 21 + q. Calculate the highest common divisor of u and 5.
5
Let o be 68/(-14) - 18/126 - -23. Let s(z) = -z**3 - z**2 - 2*z - 6. Let k be s(-7). Suppose o = 8*f - k. Calculate the highest common factor of f and 5.
5
Let s(u) = -18*u - 7. Let b be s(-5). Let a(w) = w**3 - 7*w**2 - 67*w + 384. Let x be a(9). Let j = b + x. Calculate the greatest common divisor of 65 and j.
13
Suppose -8*x = -22*x - 1806. Let l = 151 + x. Calculate the greatest common factor of l and 198.
22
Suppose 17*y - 4 = 16*y. Suppose -5*z - 20 = -25, -y*d + 1744 = 4*z. Calculate the greatest common factor of d and 30.
15
Let w = -671 + 692. Suppose -13*n + w = -174. Let a = -23 + 38. Calculate the highest common divisor of a and n.
15
Suppose -25 = -3*g - 25*c + 27*c, 4*g - 17 = 5*c. Suppose -684 = -5*n + 3281. Calculate the greatest common divisor of n and g.
13
Let j be 690*(11 - (-36)/(-8)) - 9. What is the greatest common factor of 36 and j?
12
Suppose 0 = -4*v + 5*v + 24*v - 172000. What is the greatest common factor of v and 32?
32
Let k(y) = 21*y - 1135. Let q be k(60). What is the highest common factor of 975 and q?
25
Suppose -2*n + 3*m + 19 = 0, -54 + 9 = -5*n + 5*m. Suppose 12*g = 8*g + 64. What is the highest common factor of g and n?
8
Let l = -1163 + 1172. Let p be 233 + -27 - (1 + 2*-1). Calculate the greatest common factor of l and p.
9
Let k(g) = -45*g + 4539. Let w be k(100). Calculate the highest common divisor of 14391 and w.
39
Let d(q) = q**3 - 5*q**2 + 4*q - 5. Let b be d(5). Suppose -2947 = 32*n + 2237. Let z = n - -237. What is the highest common factor of b and z?
15
Let v be (-129 + 35)*7/(-1). Calculate the highest common divisor of v and 517.
47
Suppose 24*k - 28*k + 44 = 0. Suppose -y + k*y = 1430. C